of c(0)?
6
Suppose 3 = -v - 4. Let g be (-18)/(-10) + v/(-35). Suppose 3*y - 78 = 3*q, g*q - 16 = 3*y - 97. What is the tens digit of y?
2
Let l(z) = -4*z - 3. Let y be l(5). Let q(f) = -f**2 - 11*f + 1. Let u be q(-6). Let j = u + y. What is the units digit of j?
8
Suppose 2*a - 7*a + 15 = 0. Suppose v = 3*l - 19 + 3, 0 = -5*l - a*v + 22. Suppose 26 = 3*u + 2*t, 0*t - l*t = -5*u + 10. What is the units digit of u?
6
Let d(m) = 35*m**2 + 25*m + 6. What is the units digit of d(5)?
6
Let r = -26 - -23. What is the tens digit of 4/(-6)*(r + -54)?
3
Suppose 4*w - 309 = 691. What is the tens digit of w?
5
Let b be (0 + 0)/(2 - 0). Let r = 107 + -41. What is the units digit of r/(-9)*(b + -3)?
2
What is the tens digit of 49/(-21) + 115/3?
3
Suppose z = -r + 295, 0 = 5*r - 3*z - 2*z - 1485. Suppose -5*q = -5*g - 330, -4*q + 0*g + r = 4*g. What is the units digit of q?
0
Let p = 56 + -60. Let x(y) = 5*y**2 - 10*y - 2. What is the units digit of x(p)?
8
Suppose -1 = -p - 2*c - 0, 4*c = -p + 1. Let v(r) = 6*r**2 - r. Let a be v(p). Suppose -259 = -a*w + 2*m, -3*m = -3*w + 73 + 77. What is the units digit of w?
3
What is the units digit of (422/(-4))/((-153)/18 - -8)?
1
Suppose 25 = 3*i + 2*i - 2*b, -3*b = -5*i + 30. Suppose -85 = -4*q + i*q. What is the tens digit of q?
8
Let x(u) = u**2 + 5*u - 2. Let z be x(-6). Suppose 5*o - 233 = 4*n, z*o + o - 257 = -4*n. Let j = 3 + o. What is the tens digit of j?
5
Let m = 98 + -39. Let c = 27 + m. What is the units digit of c?
6
Let m(f) = f**2 - 4*f + 2. Let r(h) = -h**3 + 4*h**2 + 6*h + 2. Let c be r(5). Let o be m(c). Let z = o + -6. What is the tens digit of z?
1
Let v = 1 + -12. Let q = v + 5. Let z(t) = -4*t - 1. What is the units digit of z(q)?
3
Let f be 55/65 - (-4)/26. Let c(x) = 4*x**3 + x**2 - 2*x + 1. Let z be c(f). Suppose 9 = z*m - 67. What is the tens digit of m?
1
Let t be 6/4*192/8. Let u be 1/(t/40 - 1). What is the units digit of (18/u)/(4/(-20))?
9
Let i = 2 - -14. Suppose -10*h - i = -6*h. What is the units digit of h/8 + 119/2?
9
Let g be 6/(-9)*3 + 2. Suppose g = 5*y - 44 - 86. Suppose 0 = k + 5 - y. What is the tens digit of k?
2
Let w = 4056 - 2301. What is the tens digit of w?
5
Let w(g) be the second derivative of -g**4/3 + 8*g**3/3 - 12*g**2 + 6*g. Let r be w(-18). What is the tens digit of 6/(-4)*r/36?
6
Suppose -360 + 11393 = 2*x - a, 3*x - 16548 = 3*a. What is the thousands digit of x?
5
What is the thousands digit of 898/(12/(-132)*22/(-4))?
1
Suppose -4*x = 11 - 3. Let d be (-8)/12*33/x. Suppose -2*q + 5*k = 5, 3*k + d + 0 = 4*q. What is the units digit of q?
5
Let r be (0 - (2 - 1))*-15. Suppose r = 5*z - 0. Suppose -3*i = 5*j - 67, i = -2*j + z*j + 25. What is the units digit of i?
4
Let z be (-1)/(-2) - 72/(-16). Let n(m) = -m**2 + 5*m + 3*m + 14 - 13. What is the tens digit of n(z)?
1
Let i(n) = -348*n + 113. What is the hundreds digit of i(-2)?
8
Let r be (-2)/(-3 + 790/265). Suppose -4*y = 2*s - r, 4*s + y + 79 = 298. What is the units digit of s?
5
Suppose 0 = -k - 2*d + 3 - 1, -2 = 4*k + 3*d. What is the units digit of 4 - (-108 + k/1)?
4
What is the units digit of (-2 - -3)/(118/93692)?
4
Suppose 0 = -4*v - v - 30. Let s(a) = -a + 2. Let j be s(v). Let h = j + 4. What is the units digit of h?
2
Let z be ((-16)/(-24))/(4/(-6)). Suppose -4*j + 3*j = 31. What is the units digit of (0 - j) + z + 2?
2
Suppose 0 = -5*l + 4*n + 2574, 30*n + 2064 = 4*l + 28*n. What is the tens digit of l?
1
Let p(d) = -2*d**3 - d**2 - 73. Let y be p(0). Let o = 156 + y. What is the units digit of o?
3
What is the units digit of (11/110 - 12589/(-10)) + 4?
3
Let k(g) = -34*g**2 + 3*g - 11. Let p(y) = -12*y**2 + y - 4. Let c(v) = -4*k(v) + 11*p(v). Let b be 10/(-5) + 2/2. What is the units digit of c(b)?
5
Let n = 1 - 3. What is the tens digit of 1136/44 + n/(-11)?
2
What is the hundreds digit of 19505/7 - ((-99)/63 - -1)?
7
Let b be 2/(-3)*(-324)/3. Suppose -y + 23 + b = 0. What is the tens digit of y?
9
What is the tens digit of 557 + (2 + -1 - 2)?
5
Suppose 0 = 12*m - 9*m - b - 4350, 5*m - 5*b - 7240 = 0. What is the units digit of m?
1
Let m = 343 - 142. What is the units digit of m?
1
Let r = -7 - -10. Let t(n) = -5*n**3 - 2*n - 5. Let d be t(-3). Suppose d = h + r*h. What is the units digit of h?
4
Suppose 0 = m + 4*m, -2*m - 120 = -5*n. Let p(l) = -2 - 2 - 4 + 3 + n*l. What is the units digit of p(3)?
7
Let c(k) = k + 1. Let i be c(-2). Let o(l) = -55*l**3 + l**2 + l. Let f be o(i). Let z = f - 37. What is the tens digit of z?
1
Let k(f) = -f**2 + 6*f - 12. Let c be k(10). Let t = c + 108. What is the tens digit of t?
5
Suppose -5*z = 2 - 2. Suppose -d + 19*d - 1566 = z. What is the units digit of d?
7
Let k be (-3)/(-3)*(-16 + 3). Let b = k - -149. Suppose 7*h - 493 = -b. What is the units digit of h?
1
Let o(a) = 74*a. Let y be o(-1). Let c = y + 116. What is the units digit of c?
2
Suppose 0*a = 4*a - 232. Let f = 62 - a. What is the units digit of f?
4
Suppose 4*v = 5*y + 14671, 46*y = 4*v + 51*y - 14681. What is the units digit of v?
9
Suppose 148 = 10*u - 8*u. Suppose 0 = 3*b + 11 - u. What is the units digit of 82/4*42/b?
1
Let m(w) = 32*w**2 + 4. Let y be m(-2). Suppose -28 = 4*j - y. Let n = 29 - j. What is the units digit of n?
3
Let g be (-4)/(-8) - 10/(-4). Suppose -d = -g*d + 64. What is the units digit of d?
2
Suppose -65*j + 66*j = 2*q + 2651, 2*j + q - 5292 = 0. What is the units digit of j?
7
Let b(h) = h**2 + 6*h - 13. Let d be b(-8). What is the hundreds digit of (d/6)/(7/1736)?
1
Let j = -3 - -122. What is the tens digit of 2/7 - (-16388)/j?
3
Let h(j) = j + 1. Let l be (-2 - 3) + 0 + 1. Let b be h(l). What is the units digit of (0 - b/6)*2?
1
Suppose -2181 = -6*a + 2331. What is the hundreds digit of a?
7
Suppose 2312 = 4*q - 4*w, q + 4*w = 2*q - 587. What is the hundreds digit of q?
5
Let j = -6 - -6. Suppose 2*a - a - 40 = j. What is the units digit of a?
0
What is the units digit of 2/(-12)*-4 - 1456/(-48)?
1
Let r(f) = -f**3 + 6*f**2 + 10*f - 4. Let t = 6 - -1. What is the tens digit of r(t)?
1
Let q(m) = 4578*m**2 + 9*m + 9. What is the hundreds digit of q(-1)?
5
What is the tens digit of (1038/1)/(-21 + 23)?
1
Suppose -2*x = -x - 2. Suppose -4*j - 15 = -5*b, 2*j + j - 2*b = -6. Suppose -2*v - x + 44 = j. What is the units digit of v?
1
Suppose 0 = 3*d + 4*h + 37, -2*h - 20 = -4*d - 84. Let k = d - -12. What is the units digit of (-1 - 0) + 17 + k?
3
Let z = 7169 + -4444. What is the tens digit of z?
2
Let o be -3 + 4 + -5 - 11. What is the tens digit of (-5 + 2)*205/o?
4
Let x(h) be the third derivative of 0*h - 1/24*h**4 + 7/20*h**5 + 0 - 1/6*h**3 - 3*h**2. What is the units digit of x(-1)?
1
Let u = -37 + 248. What is the units digit of u?
1
Suppose -3*n = 3*u - 615, -2*n - u = 4*u - 416. What is the hundreds digit of n?
2
Suppose -3*s - 5*y + 4773 = 0, 0 = -y - y. What is the units digit of s?
1
Let j be (4 + -2 + 0)*2. Suppose 0 = t + l - 30, 3*l - 25 = -j*t + 98. Let y = -25 + t. What is the units digit of y?
8
Let g(v) = v**2 - 6*v - 16. Suppose 0 = -3*z + 11*z - 24. Let y be -2 - -15 - 3/z. What is the tens digit of g(y)?
5
Suppose 0 = 3*p + 15, -5*p = -5*h + 55. Suppose t + 2*o - 262 = 0, 2*o = -3*o - 5. Suppose -h*b + t - 18 = 0. What is the tens digit of b?
4
Suppose -11*o + 12*o - 1 = 0. What is the units digit of o*(3 + 0) - (1 + -58)?
0
Suppose -4*m = -5*k - 4, 0 = -m - 3*k - 0 + 1. Let q(u) = -11*u. Let g be q(m). What is the units digit of ((-1)/(-3))/(g/(-231))?
7
Let h = 8 + -6. Let p(r) = 18 + 11*r + 10*r**h + 2*r - 11*r**2. What is the units digit of p(14)?
4
Suppose 0 = 9*h + 11365 - 42928. What is the thousands digit of h?
3
Let x(o) = -o**2 + 6*o + 2. Suppose -9 = -3*h, -3*u = 2*u - h - 27. Let p be x(u). Let g = p + 21. What is the tens digit of g?
2
Let b(u) = -u**2 + 10*u + 12. Let s be b(11). Suppose 0 = m + s. What is the units digit of m*3/(-2)*6?
9
Let c = -16 - -25. Let g be ((-6)/c)/(4/54). Let t(f) = -6*f - 9. What is the units digit of t(g)?
5
Suppose -14*f + 88760 = 6*f. What is the tens digit of f?
3
Let t be ((-1)/(-2))/(1/6). What is the tens digit of 4*(t - 94/(-8))?
5
Let v(c) be the third derivative of -c**6/120 - 7*c**5/30 + 5*c**4/8 + 2*c**3 - 4*c**2. Let y be v(-15). Let l = 13 - y. What is the units digit of l?
1
L